4
Let h(m) = 532*m - 45. Give h(1).
487
Let x(z) = 39*z - 492. What is x(12)?
-24
Let u(y) = -y**2 + 37*y + 16. Give u(-7).
-292
Let n(j) = 3*j**3 + 6*j**2 - 45*j - 141. What is n(-5)?
-141
Let q(c) = 354*c + 3226. Give q(-9).
40
Let l(n) = -255*n + 1778. Calculate l(7).
-7
Let k(n) = n**3 + 13*n**2 + 47*n + 31. Determine k(-7).
-4
Let g(z) = -843*z - 2532. Calculate g(-3).
-3
Let p(m) = m**3 + 19*m**2 + 4*m - 702. Determine p(-16).
2
Let r(l) = l**3 - 52*l**2 + 98*l - 92. Calculate r(50).
-192
Let s(z) = z**2 + 190*z - 6107. Determine s(28).
-3
Let b(r) = r**3 - 4*r**2 - 3*r + 57. Calculate b(8).
289
Let q(t) = -607*t + 5454. Calculate q(9).
-9
Let n(h) = 25*h**2 - 116*h - 32. Determine n(5).
13
Let o(a) = a**3 - 126*a**2 + a - 332. Calculate o(126).
-206
Let j(y) = 30*y + 689. Give j(-21).
59
Let y(z) = -z**2 - 98*z - 729. Give y(-8).
-9
Let k(y) = -266*y - 12753. Give k(-48).
15
Let w(r) = -r**3 + 2*r**2 + 55*r - 18. Calculate w(8).
38
Let b(o) = 8*o**2 - 2292*o + 2295. What is b(1)?
11
Let g(n) = -17*n**2 - 47*n - 25. Calculate g(-2).
1
Let c(b) = 135*b - 598. What is c(6)?
212
Let f(j) = j**3 - 18*j**2 + 44*j + 31. Calculate f(12).
-305
Let v(c) = -19*c + 989. Determine v(52).
1
Let x(w) = w**3 + 4*w**2 + 8*w - 14. Give x(-7).
-217
Let g(o) = -851*o - 19583. Determine g(-23).
-10
Let q(f) = 3*f**2 + 59*f - 673. Give q(-28).
27
Let u(w) = 9*w + 830. What is u(-78)?
128
Let t(l) = -147*l - 1591. Give t(-10).
-121
Let i(p) = 118*p - 4578. Give i(39).
24
Let s(j) = -67*j**3 - j**2 - 23*j + 24. Determine s(1).
-67
Let u(t) = 2*t**3 + 10*t**2 + 167*t + 647. What is u(-4)?
11
Let c(a) = -2*a**2 + 306*a - 2306. Give c(145).
14
Let k(g) = -2*g**3 + 5*g**2 + 9. Give k(0).
9
Let j(x) = 2*x**3 - 22*x**2 - 19*x - 28. Determine j(11).
-237
Let y(m) = -930*m - 3708. What is y(-4)?
12
Let b(z) = z**3 + 56*z**2 + 298*z - 60. What is b(-50)?
40
Let t(m) = 177*m - 3734. Determine t(19).
-371
Let r(i) = -11*i**2 - 25*i - 29. Calculate r(-4).
-105
Let s(k) = -27*k**2 + 180*k + 71. Give s(7).
8
Let j(p) = 2*p**2 - 11*p - 195. Calculate j(18).
255
Let p(m) = -m**3 - 57*m**2 + 57*m - 49. What is p(-58)?
9
Let v(s) = 9017*s - 9. Calculate v(0).
-9
Let y(i) = 3672*i - 25720. What is y(7)?
-16
Let m(n) = -25*n - 406. Determine m(-14).
-56
Let p(s) = s**3 + 18*s**2 - 10*s - 915. Determine p(-14).
9
Let r(b) = -b**2 + 97*b - 550. Determine r(6).
-4
Let f(c) = 96*c - 500. Determine f(6).
76
Let l(m) = -m**3 - 13*m**2 + 173*m - 1. Calculate l(10).
-571
Let q(n) = -4*n**3 + 1744*n**2 + 2*n - 872. Determine q(436).
0
Let n(y) = 38*y**3 - 45*y**2 - 44*y + 1. What is n(-1)?
-38
Let d(k) = k**3 - 8*k**2 - 16*k - 42. What is d(10)?
-2
Let d(b) = 2*b**2 - b - 254. Calculate d(-11).
-1
Let x(z) = 25*z - 45. Calculate x(12).
255
Let v(n) = -2*n**3 - 46*n**2 - 51*n - 155. Determine v(-22).
-1
Let v(t) = t**3 - 16*t**2 - 12*t + 39. What is v(15)?
-366
Let z(j) = 13*j - 690. What is z(53)?
-1
Let q(j) = -2*j**3 - j**2 - 22*j + 43. Determine q(2).
-21
Let h(l) = 130*l + 887. Give h(-7).
-23
Let k(x) = 2*x**2 + 6*x - 3. What is k(-13)?
257
Let y(h) = 20*h + 52. Determine y(9).
232
Let a(r) = -3*r**3 - 15*r**2 - r - 42. Give a(-8).
542
Let v(h) = 2*h + 33. What is v(0)?
33
Let g(v) = -3*v**2 - 30*v - 31. Determine g(-9).
-4
Let w(n) = -17*n - 2349. What is w(-154)?
269
Let d(u) = u**3 - 3*u**2 - 2156*u - 199. Give d(48).
-7
Let m(u) = -13*u + 14. Determine m(-4).
66
Let a(v) = -21*v - 1708. Determine a(-80).
-28
Let q(l) = 3*l**2 - 361*l + 10873. Give q(61).
15
Let v(i) = -1146*i + 13768. Give v(12).
16
Let w(q) = 43*q + 1268. Give w(-19).
451
Let r(i) = i**3 + 72*i**2 + 94*i + 1641. What is r(-71)?
8
Let x(d) = -d**3 - 18*d**2 - 77*d - 42. Give x(-7).
-42
Let k(s) = -83*s + 426. Determine k(5).
11
Let q(s) = -2*s**3 - 74*s**2 - 2*s - 89. What is q(-37)?
-15
Let i(v) = -v**3 + 17*v**2 + 35*v + 12. Determine i(19).
-45
Let f(z) = 3*z**3 - 4*z**2 - 200*z + 1025. Calculate f(5).
300
Let y(n) = -n**3 + 18*n**2 - 28*n - 47. Give y(16).
17
Let v(t) = t**3 - 7*t**2 - 3*t + 7. Determine v(-4).
-157
Let v(t) = -2*t**2 - 9*t + 234. Calculate v(9).
-9
Let n(g) = 12*g**2 + 82*g - 104. What is n(-8)?
8
Let p(q) = 16*q**3 + 10*q**2 + 11*q - 4. What is p(-2)?
-114
Let a(u) = 16*u**2 + 112*u + 230. What is a(-2)?
70
Let w(u) = 3*u**2 - 200*u - 6194. Determine w(-23).
-7
Let o(q) = 3*q**2 + 76*q + 355. Give o(-19).
-6
Let h(u) = u**2 - 36*u + 170. Give h(8).
-54
Let o(l) = 43*l**2 + 56*l - 52. What is o(1)?
47
Let m(w) = -439*w - 2647. Calculate m(-6).
-13
Let a(s) = s**2 + 25*s + 81. Give a(-14).
-73
Let x(r) = -433*r + 3040. What is x(7)?
9
Let w(o) = -o**3 - 56*o**2 - 584*o + 96. What is w(-42)?
-72
Let r(j) = 10*j**2 - j - 4. What is r(2)?
34
Let c(i) = -i**3 + 30*i - 58. What is c(2)?
-6
Let b(u) = -60*u - 9. What is b(2)?
-129
Let n(a) = -2294*a + 130747. Give n(57).
-11
Let q(g) = 56*g - 1. Give q(3).
167
Let s(w) = -628*w + 57146. Determine s(91).
-2
Let g(l) = -380*l - 94639. Give g(-249).
-19
Let x(o) = -2*o**2 - 36*o - 163. Calculate x(-8).
-3
Let k(g) = -2*g**2 + 10*g + 312. Give k(-10).
12
Let l(b) = -299*b + 2072. Give l(7).
-21
Let n(k) = k**3 - 82*k**2 + 311*k + 69. Give n(78).
-9
Let j(t) = 8*t + 116. Calculate j(13).
220
Let c(x) = -1020*x + 15293. Give c(15).
-7
Let r(p) = -3*p**2 - 8*p + 49. What is r(-6)?
-11
Let z(v) = 2*v**2 - 6*v - 46. Determine z(10).
94
Let w(y) = 397*y + 36532. What is w(-92)?
8
Let n(j) = 150*j - 17. Calculate n(2).
283
Let z(a) = 286*a - 5099. Calculate z(18).
49
Let n(m) = m**2 + 82*m + 384. Determine n(-5).
-1
Let o(k) = -2443*k + 7470. What is o(3)?
141
Let p(m) = m**2 + 212*m + 2220. What is p(-11)?
9
Let y(n) = n**3 + 29*n**2 - 89*n + 45. What is y(-32)?
-179
Let m(p) = 7*p**2 + 15*p + 41. What is m(-4)?
93
Let z(x) = -20*x**3 + 4*x**2 - 49*x + 96. What is z(2)?
-146
Let m(b) = 2*b**2 - 1159*b + 10273. Calculate m(9).
4
Let u(w) = -5*w**2 + 1030*w - 2064. Calculate u(2).
-24
Let s(c) = 64*c**2 + 90*c + 8. Calculate s(-3).
314
Let x(v) = -47*v - 968. What is x(-21)?
19
Let c(d) = 2*d**3 - 20*d**2 + 2*d + 182. What is c(4)?
-2
Let t(h) = -4*h**3 - 148*h**2 - 8*h - 289. Determine t(-37).
7
Let l(g) = -g**2 - 67*g + 1867. Give l(21).
19
Let r(z) = 1168*z - 5836. What is r(5)?
4
Let k(v) = -3*v + 88. What is k(-6)?
106
Let y(d) = 13*d - 46. Calculate y(4).
6
Let w(a) = 97*a + 3015. Give w(-31).
8
Let g(n) = n**3 - 5*n**2 + 90*n - 338. Calculate g(4).
6
Let z(c) = 2*c**2 - 59*c + 453. Determine z(15).
18
Let q(v) = -8*v**2 + 447*v + 53. Calculate q(56).
-3
Let r(y) = y**3 - 17*y**2 + 4*y - 159. What is r(17)?
-91
Let u(a) = -a**2 - 16*a - 26. What is u(-4)?
22
Let i(w) = w**3 - 271*w**2 - 103*w + 27918. Give i(271).
5
Let l(k) = k**3 + 16*k**2 - 1058*k - 15216. What is l(-14)?
-12
Let x(u) = -8*u**2 + 85*u - 111. Calculate x(9).
6
Let i(n) = -239*n - 9072. Determine i(-38).
10
Let p(l) = -141*l - 716. What is p(-5)?
-11
Let k(c) = -14*c + 74. What is k(-14)?
270
Let t(y) = 91*y + 3263. Give t(-42).
-559
Let u(s) = 3*s**3 - 27*s**2 + 10*s + 30. Determine u(8).
-82
Let c(a) = 9*a**3 - 377*a**2 - 39*a - 106. What is c(42)?
20
Let a(b) = -5*b**2 + 136*b - 864. Give a(17).
3
Let z(f) = f**3 + 23*f**2 + 123*f + 1709. Give z(-21).
8
Let q(v) = v**2 + 241*v - 1947. Give q(8).
45
Let z(q) = -13*q - 33. Calculate z(-9).
84
Let n(u) = 293*u - 2654. What is n(9)?
-17
Let w(l) = -l**3 - 10*l**2 - 13*l + 26. Calculate w(-8).
2
Let i(n) = -n**3 - 51*n**2 - 2*n - 116. Determine i(-51).
-14
Let r(f) = 112*f - 1125. Calculate r(10).
-5
Let m(c) = -c**3 - 8*c**2 + 6*c + 42. Give m(-8).
-6
Let f(d) = -d**2 - 12*d + 316. Give f(12).
28
Let q(o) = 128*o - 864. Give q(7).
32
Let q(h) = -4*h**2 + 16*h + 24. Determine q(-2).
-24
Let b(x) = 4*x**2 + 27*x - 71. Give b(-9).
10
Let h(r) = 9*r + 6. Determine h(1).
15
Let h(p) = 10*p**2 - 52*p + 41. Calculate h(5).
31
Let r(y) = -4*y**3 - 94*y**2 - 31*y + 343. Calculate r(-23).
-2
Let r(o) = 355*o - 1942. Give r(5).
-167
Let o(x) = -2*x**3 - 59*x**2 + 32*x + 93. Determine o(-30).
33
Let s(m) = -4*m**3 + 155*m**2 - 51*m + 3495. Give s(39).
-15
Let z(c) = 37*c + 88. Calculate z(-3).
-23
Let p(g) = 41*g**2 + 405*g + 342. Give p(-9).
18
Let z(y) = -1893*y + 15177. Calculate z(8).
33
Let i(b) = -61*b**2 + 13*b + 23. What is i(-2)?
-247
